{"id":1119,"date":"2024-10-29T16:52:14","date_gmt":"2024-10-29T15:52:14","guid":{"rendered":"https:\/\/agora-dodes.fr\/?post_type=tribe_events&#038;p=1119"},"modified":"2024-10-29T17:09:59","modified_gmt":"2024-10-29T16:09:59","slug":"1884-2024-les-140-ans-des-societes-cooperatives","status":"publish","type":"tribe_events","link":"https:\/\/agora-dodes.fr\/event\/1884-2024-les-140-ans-des-societes-cooperatives\/","title":{"rendered":"1884 &#8211; 2024 : Les 140 ans des soci\u00e9t\u00e9s coop\u00e9ratives"},"content":{"rendered":"<p>Le 25 novembre 2024, au c\u0153ur de Paris, le CESE ouvrira ses portes pour un \u00e9v\u00e9nement unique, r\u00e9unissant les acteurs cl\u00e9s du monde coop\u00e9ratif et au-del\u00e0. Depuis 1884, le Mouvement des soci\u00e9t\u00e9s coop\u00e9ratives a su f\u00e9d\u00e9rer et promouvoir un mod\u00e8le \u00e9conomique et social porteur de valeurs humaines et d&rsquo;innovation collective.<\/p>\n","protected":false},"excerpt":{"rendered":"<p>Le 25 novembre 2024, au c\u0153ur de Paris, le CESE ouvrira ses portes pour un \u00e9v\u00e9nement unique, r\u00e9unissant les acteurs cl\u00e9s du monde coop\u00e9ratif et au-del\u00e0. Depuis 1884, le Mouvement [&hellip;]<\/p>\n","protected":false},"author":1,"featured_media":1120,"comment_status":"open","ping_status":"closed","template":"","meta":{"_acf_changed":false,"_et_pb_use_builder":"","_et_pb_old_content":"","_et_gb_content_width":"","_monsterinsights_skip_tracking":false,"_monsterinsights_sitenote_active":false,"_monsterinsights_sitenote_note":"","_monsterinsights_sitenote_category":0,"_uf_show_specific_survey":0,"_uf_disable_surveys":false,"_price":"","_stock":"","_tribe_ticket_header":"","_tribe_default_ticket_provider":"","_tribe_ticket_capacity":"0","_ticket_start_date":"","_ticket_end_date":"","_tribe_ticket_show_description":"","_tribe_ticket_show_not_going":false,"_tribe_ticket_use_global_stock":"","_tribe_ticket_global_stock_level":"","_global_stock_mode":"","_global_stock_cap":"","_tribe_rsvp_for_event":"","_tribe_ticket_going_count":"","_tribe_ticket_not_going_count":"","_tribe_tickets_list":"[]","_tribe_ticket_has_attendee_info_fields":false,"_tribe_events_status":"","_tribe_events_status_reason":"","footnotes":""},"tags":[],"tribe_events_cat":[20],"class_list":["post-1119","tribe_events","type-tribe_events","status-publish","has-post-thumbnail","hentry","tribe_events_cat-evenements-du-reseau","cat_evenements-du-reseau"],"acf":[],"aioseo_notices":[],"yoast_head":"<!-- This site is optimized with the Yoast SEO plugin v23.2 - https:\/\/yoast.com\/wordpress\/plugins\/seo\/ -->\n<title>1884 - 2024 : Les 140 ans des soci\u00e9t\u00e9s coop\u00e9ratives - Agora D.O.D.E.S.<\/title>\n<meta name=\"robots\" content=\"index, follow, max-snippet:-1, max-image-preview:large, max-video-preview:-1\" \/>\n<link rel=\"canonical\" href=\"https:\/\/agora-dodes.fr\/event\/1884-2024-les-140-ans-des-societes-cooperatives\/\" \/>\n<meta property=\"og:locale\" content=\"fr_FR\" \/>\n<meta property=\"og:type\" content=\"article\" \/>\n<meta property=\"og:title\" content=\"1884 - 2024 : Les 140 ans des soci\u00e9t\u00e9s coop\u00e9ratives - Agora D.O.D.E.S.\" \/>\n<meta property=\"og:description\" content=\"Le 25 novembre 2024, au c\u0153ur de Paris, le CESE ouvrira ses portes pour un \u00e9v\u00e9nement unique, r\u00e9unissant les acteurs cl\u00e9s du monde coop\u00e9ratif et au-del\u00e0. Depuis 1884, le Mouvement [&hellip;]\" \/>\n<meta property=\"og:url\" content=\"https:\/\/agora-dodes.fr\/event\/1884-2024-les-140-ans-des-societes-cooperatives\/\" \/>\n<meta property=\"og:site_name\" content=\"Agora D.O.D.E.S.\" \/>\n<meta property=\"article:modified_time\" content=\"2024-10-29T16:09:59+00:00\" \/>\n<meta property=\"og:image\" content=\"https:\/\/agora-dodes.fr\/wp-content\/uploads\/2024\/10\/CGSCOP-140ans-facebook-1024x576-1.png\" \/>\n\t<meta property=\"og:image:width\" content=\"1024\" \/>\n\t<meta property=\"og:image:height\" content=\"576\" \/>\n\t<meta property=\"og:image:type\" content=\"image\/png\" \/>\n<meta name=\"twitter:card\" content=\"summary_large_image\" \/>\n<meta name=\"twitter:label1\" content=\"Dur\u00e9e de lecture estim\u00e9e\" \/>\n\t<meta name=\"twitter:data1\" content=\"1 minute\" \/>\n<script type=\"application\/ld+json\" class=\"yoast-schema-graph\">{\"@context\":\"https:\/\/schema.org\",\"@graph\":[{\"@type\":\"WebPage\",\"@id\":\"https:\/\/agora-dodes.fr\/event\/1884-2024-les-140-ans-des-societes-cooperatives\/\",\"url\":\"https:\/\/agora-dodes.fr\/event\/1884-2024-les-140-ans-des-societes-cooperatives\/\",\"name\":\"1884 - 2024 : Les 140 ans des soci\u00e9t\u00e9s coop\u00e9ratives - Agora D.O.D.E.S.\",\"isPartOf\":{\"@id\":\"https:\/\/agora-dodes.fr\/#website\"},\"primaryImageOfPage\":{\"@id\":\"https:\/\/agora-dodes.fr\/event\/1884-2024-les-140-ans-des-societes-cooperatives\/#primaryimage\"},\"image\":{\"@id\":\"https:\/\/agora-dodes.fr\/event\/1884-2024-les-140-ans-des-societes-cooperatives\/#primaryimage\"},\"thumbnailUrl\":\"https:\/\/agora-dodes.fr\/wp-content\/uploads\/2024\/10\/CGSCOP-140ans-facebook-1024x576-1.png\",\"datePublished\":\"2024-10-29T15:52:14+00:00\",\"dateModified\":\"2024-10-29T16:09:59+00:00\",\"breadcrumb\":{\"@id\":\"https:\/\/agora-dodes.fr\/event\/1884-2024-les-140-ans-des-societes-cooperatives\/#breadcrumb\"},\"inLanguage\":\"fr-FR\",\"potentialAction\":[{\"@type\":\"ReadAction\",\"target\":[\"https:\/\/agora-dodes.fr\/event\/1884-2024-les-140-ans-des-societes-cooperatives\/\"]}]},{\"@type\":\"ImageObject\",\"inLanguage\":\"fr-FR\",\"@id\":\"https:\/\/agora-dodes.fr\/event\/1884-2024-les-140-ans-des-societes-cooperatives\/#primaryimage\",\"url\":\"https:\/\/agora-dodes.fr\/wp-content\/uploads\/2024\/10\/CGSCOP-140ans-facebook-1024x576-1.png\",\"contentUrl\":\"https:\/\/agora-dodes.fr\/wp-content\/uploads\/2024\/10\/CGSCOP-140ans-facebook-1024x576-1.png\",\"width\":1024,\"height\":576},{\"@type\":\"BreadcrumbList\",\"@id\":\"https:\/\/agora-dodes.fr\/event\/1884-2024-les-140-ans-des-societes-cooperatives\/#breadcrumb\",\"itemListElement\":[{\"@type\":\"ListItem\",\"position\":1,\"name\":\"Accueil\",\"item\":\"https:\/\/agora-dodes.fr\/\"},{\"@type\":\"ListItem\",\"position\":2,\"name\":\"\u00c9v\u00e8nements\",\"item\":\"https:\/\/agora-dodes.fr\/events\/\"},{\"@type\":\"ListItem\",\"position\":3,\"name\":\"1884 &#8211; 2024 : Les 140 ans des soci\u00e9t\u00e9s coop\u00e9ratives\"}]},{\"@type\":\"WebSite\",\"@id\":\"https:\/\/agora-dodes.fr\/#website\",\"url\":\"https:\/\/agora-dodes.fr\/\",\"name\":\"Agora D.O.D.E.S.\",\"description\":\"Dynamiques et Organisations de la D\u00e9mocratie Economique et Sociale\",\"publisher\":{\"@id\":\"https:\/\/agora-dodes.fr\/#organization\"},\"potentialAction\":[{\"@type\":\"SearchAction\",\"target\":{\"@type\":\"EntryPoint\",\"urlTemplate\":\"https:\/\/agora-dodes.fr\/?s={search_term_string}\"},\"query-input\":\"required name=search_term_string\"}],\"inLanguage\":\"fr-FR\"},{\"@type\":\"Organization\",\"@id\":\"https:\/\/agora-dodes.fr\/#organization\",\"name\":\"Agora D.O.D.E.S.\",\"url\":\"https:\/\/agora-dodes.fr\/\",\"logo\":{\"@type\":\"ImageObject\",\"inLanguage\":\"fr-FR\",\"@id\":\"https:\/\/agora-dodes.fr\/#\/schema\/logo\/image\/\",\"url\":\"https:\/\/agora-dodes.fr\/wp-content\/uploads\/2024\/07\/AGORA-DODES-Logo-1.png\",\"contentUrl\":\"https:\/\/agora-dodes.fr\/wp-content\/uploads\/2024\/07\/AGORA-DODES-Logo-1.png\",\"width\":1500,\"height\":1500,\"caption\":\"Agora D.O.D.E.S.\"},\"image\":{\"@id\":\"https:\/\/agora-dodes.fr\/#\/schema\/logo\/image\/\"},\"sameAs\":[\"https:\/\/www.linkedin.com\/company\/agora-dodes\"]}]}<\/script>\n<!-- \/ Yoast SEO plugin. -->","yoast_head_json":{"title":"1884 - 2024 : Les 140 ans des soci\u00e9t\u00e9s coop\u00e9ratives - Agora D.O.D.E.S.","robots":{"index":"index","follow":"follow","max-snippet":"max-snippet:-1","max-image-preview":"max-image-preview:large","max-video-preview":"max-video-preview:-1"},"canonical":"https:\/\/agora-dodes.fr\/event\/1884-2024-les-140-ans-des-societes-cooperatives\/","og_locale":"fr_FR","og_type":"article","og_title":"1884 - 2024 : Les 140 ans des soci\u00e9t\u00e9s coop\u00e9ratives - Agora D.O.D.E.S.","og_description":"Le 25 novembre 2024, au c\u0153ur de Paris, le CESE ouvrira ses portes pour un \u00e9v\u00e9nement unique, r\u00e9unissant les acteurs cl\u00e9s du monde coop\u00e9ratif et au-del\u00e0. Depuis 1884, le Mouvement [&hellip;]","og_url":"https:\/\/agora-dodes.fr\/event\/1884-2024-les-140-ans-des-societes-cooperatives\/","og_site_name":"Agora D.O.D.E.S.","article_modified_time":"2024-10-29T16:09:59+00:00","og_image":[{"width":1024,"height":576,"url":"https:\/\/agora-dodes.fr\/wp-content\/uploads\/2024\/10\/CGSCOP-140ans-facebook-1024x576-1.png","type":"image\/png"}],"twitter_card":"summary_large_image","twitter_misc":{"Dur\u00e9e de lecture estim\u00e9e":"1 minute"},"schema":{"@context":"https:\/\/schema.org","@graph":[{"@type":"WebPage","@id":"https:\/\/agora-dodes.fr\/event\/1884-2024-les-140-ans-des-societes-cooperatives\/","url":"https:\/\/agora-dodes.fr\/event\/1884-2024-les-140-ans-des-societes-cooperatives\/","name":"1884 - 2024 : Les 140 ans des soci\u00e9t\u00e9s coop\u00e9ratives - Agora D.O.D.E.S.","isPartOf":{"@id":"https:\/\/agora-dodes.fr\/#website"},"primaryImageOfPage":{"@id":"https:\/\/agora-dodes.fr\/event\/1884-2024-les-140-ans-des-societes-cooperatives\/#primaryimage"},"image":{"@id":"https:\/\/agora-dodes.fr\/event\/1884-2024-les-140-ans-des-societes-cooperatives\/#primaryimage"},"thumbnailUrl":"https:\/\/agora-dodes.fr\/wp-content\/uploads\/2024\/10\/CGSCOP-140ans-facebook-1024x576-1.png","datePublished":"2024-10-29T15:52:14+00:00","dateModified":"2024-10-29T16:09:59+00:00","breadcrumb":{"@id":"https:\/\/agora-dodes.fr\/event\/1884-2024-les-140-ans-des-societes-cooperatives\/#breadcrumb"},"inLanguage":"fr-FR","potentialAction":[{"@type":"ReadAction","target":["https:\/\/agora-dodes.fr\/event\/1884-2024-les-140-ans-des-societes-cooperatives\/"]}]},{"@type":"ImageObject","inLanguage":"fr-FR","@id":"https:\/\/agora-dodes.fr\/event\/1884-2024-les-140-ans-des-societes-cooperatives\/#primaryimage","url":"https:\/\/agora-dodes.fr\/wp-content\/uploads\/2024\/10\/CGSCOP-140ans-facebook-1024x576-1.png","contentUrl":"https:\/\/agora-dodes.fr\/wp-content\/uploads\/2024\/10\/CGSCOP-140ans-facebook-1024x576-1.png","width":1024,"height":576},{"@type":"BreadcrumbList","@id":"https:\/\/agora-dodes.fr\/event\/1884-2024-les-140-ans-des-societes-cooperatives\/#breadcrumb","itemListElement":[{"@type":"ListItem","position":1,"name":"Accueil","item":"https:\/\/agora-dodes.fr\/"},{"@type":"ListItem","position":2,"name":"\u00c9v\u00e8nements","item":"https:\/\/agora-dodes.fr\/events\/"},{"@type":"ListItem","position":3,"name":"1884 &#8211; 2024 : Les 140 ans des soci\u00e9t\u00e9s coop\u00e9ratives"}]},{"@type":"WebSite","@id":"https:\/\/agora-dodes.fr\/#website","url":"https:\/\/agora-dodes.fr\/","name":"Agora D.O.D.E.S.","description":"Dynamiques et Organisations de la D\u00e9mocratie Economique et Sociale","publisher":{"@id":"https:\/\/agora-dodes.fr\/#organization"},"potentialAction":[{"@type":"SearchAction","target":{"@type":"EntryPoint","urlTemplate":"https:\/\/agora-dodes.fr\/?s={search_term_string}"},"query-input":"required name=search_term_string"}],"inLanguage":"fr-FR"},{"@type":"Organization","@id":"https:\/\/agora-dodes.fr\/#organization","name":"Agora D.O.D.E.S.","url":"https:\/\/agora-dodes.fr\/","logo":{"@type":"ImageObject","inLanguage":"fr-FR","@id":"https:\/\/agora-dodes.fr\/#\/schema\/logo\/image\/","url":"https:\/\/agora-dodes.fr\/wp-content\/uploads\/2024\/07\/AGORA-DODES-Logo-1.png","contentUrl":"https:\/\/agora-dodes.fr\/wp-content\/uploads\/2024\/07\/AGORA-DODES-Logo-1.png","width":1500,"height":1500,"caption":"Agora D.O.D.E.S."},"image":{"@id":"https:\/\/agora-dodes.fr\/#\/schema\/logo\/image\/"},"sameAs":["https:\/\/www.linkedin.com\/company\/agora-dodes"]}]}},"ticketed":false,"_links":{"self":[{"href":"https:\/\/agora-dodes.fr\/wp-json\/wp\/v2\/tribe_events\/1119","targetHints":{"allow":["GET"]}}],"collection":[{"href":"https:\/\/agora-dodes.fr\/wp-json\/wp\/v2\/tribe_events"}],"about":[{"href":"https:\/\/agora-dodes.fr\/wp-json\/wp\/v2\/types\/tribe_events"}],"author":[{"embeddable":true,"href":"https:\/\/agora-dodes.fr\/wp-json\/wp\/v2\/users\/1"}],"replies":[{"embeddable":true,"href":"https:\/\/agora-dodes.fr\/wp-json\/wp\/v2\/comments?post=1119"}],"version-history":[{"count":3,"href":"https:\/\/agora-dodes.fr\/wp-json\/wp\/v2\/tribe_events\/1119\/revisions"}],"predecessor-version":[{"id":1128,"href":"https:\/\/agora-dodes.fr\/wp-json\/wp\/v2\/tribe_events\/1119\/revisions\/1128"}],"wp:featuredmedia":[{"embeddable":true,"href":"https:\/\/agora-dodes.fr\/wp-json\/wp\/v2\/media\/1120"}],"wp:attachment":[{"href":"https:\/\/agora-dodes.fr\/wp-json\/wp\/v2\/media?parent=1119"}],"wp:term":[{"taxonomy":"post_tag","embeddable":true,"href":"https:\/\/agora-dodes.fr\/wp-json\/wp\/v2\/tags?post=1119"},{"taxonomy":"tribe_events_cat","embeddable":true,"href":"https:\/\/agora-dodes.fr\/wp-json\/wp\/v2\/tribe_events_cat?post=1119"}],"curies":[{"name":"wp","href":"https:\/\/api.w.org\/{rel}","templated":true}]}}

1884 &#8211; 2024 : Les 140 ans des sociétés coopératives

<p>Le 25 novembre 2024, au cœur de Paris, le CESE ouvrira ses portes pour un événement unique, réunissant les acteurs clés du monde coopératif et au-delà. Depuis 1884, le Mouvement des sociétés coopératives a su fédérer et promouvoir un modèle économique et social porteur de valeurs humaines et d&rsquo;innovation collective.</p>

<p>Le 25 novembre 2024, au cœur de Paris, le CESE ouvrira ses portes pour un événement unique, réunissant les acteurs clés du monde coopératif et au-delà. Depuis 1884, le Mouvement [&hellip;]</p>

<!-- This site is optimized with the Yoast SEO plugin v23.2 - https://yoast.com/wordpress/plugins/seo/ -->
<title>1884 - 2024 : Les 140 ans des sociétés coopératives - Agora D.O.D.E.S.</title>
<meta name="robots" content="index, follow, max-snippet:-1, max-image-preview:large, max-video-preview:-1" />
<link rel="canonical" href="https://agora-dodes.fr/event/1884-2024-les-140-ans-des-societes-cooperatives/" />
<meta property="og:locale" content="fr_FR" />
<meta property="og:type" content="article" />
<meta property="og:title" content="1884 - 2024 : Les 140 ans des sociétés coopératives - Agora D.O.D.E.S." />
<meta property="og:description" content="Le 25 novembre 2024, au cœur de Paris, le CESE ouvrira ses portes pour un événement unique, réunissant les acteurs clés du monde coopératif et au-delà. Depuis 1884, le Mouvement [&hellip;]" />
<meta property="og:url" content="https://agora-dodes.fr/event/1884-2024-les-140-ans-des-societes-cooperatives/" />
<meta property="og:site_name" content="Agora D.O.D.E.S." />
<meta property="article:modified_time" content="2024-10-29T16:09:59+00:00" />
<meta property="og:image" content="https://agora-dodes.fr/wp-content/uploads/2024/10/CGSCOP-140ans-facebook-1024x576-1.png" />
	<meta property="og:image:width" content="1024" />
	<meta property="og:image:height" content="576" />
	<meta property="og:image:type" content="image/png" />
<meta name="twitter:card" content="summary_large_image" />
<meta name="twitter:label1" content="Durée de lecture estimée" />
	<meta name="twitter:data1" content="1 minute" />
<script type="application/ld+json" class="yoast-schema-graph">{"@context":"https://schema.org","@graph":[{"@type":"WebPage","@id":"https://agora-dodes.fr/event/1884-2024-les-140-ans-des-societes-cooperatives/","url":"https://agora-dodes.fr/event/1884-2024-les-140-ans-des-societes-cooperatives/","name":"1884 - 2024 : Les 140 ans des sociétés coopératives - Agora D.O.D.E.S.","isPartOf":{"@id":"https://agora-dodes.fr/#website"},"primaryImageOfPage":{"@id":"https://agora-dodes.fr/event/1884-2024-les-140-ans-des-societes-cooperatives/#primaryimage"},"image":{"@id":"https://agora-dodes.fr/event/1884-2024-les-140-ans-des-societes-cooperatives/#primaryimage"},"thumbnailUrl":"https://agora-dodes.fr/wp-content/uploads/2024/10/CGSCOP-140ans-facebook-1024x576-1.png","datePublished":"2024-10-29T15:52:14+00:00","dateModified":"2024-10-29T16:09:59+00:00","breadcrumb":{"@id":"https://agora-dodes.fr/event/1884-2024-les-140-ans-des-societes-cooperatives/#breadcrumb"},"inLanguage":"fr-FR","potentialAction":[{"@type":"ReadAction","target":["https://agora-dodes.fr/event/1884-2024-les-140-ans-des-societes-cooperatives/"]}]},{"@type":"ImageObject","inLanguage":"fr-FR","@id":"https://agora-dodes.fr/event/1884-2024-les-140-ans-des-societes-cooperatives/#primaryimage","url":"https://agora-dodes.fr/wp-content/uploads/2024/10/CGSCOP-140ans-facebook-1024x576-1.png","contentUrl":"https://agora-dodes.fr/wp-content/uploads/2024/10/CGSCOP-140ans-facebook-1024x576-1.png","width":1024,"height":576},{"@type":"BreadcrumbList","@id":"https://agora-dodes.fr/event/1884-2024-les-140-ans-des-societes-cooperatives/#breadcrumb","itemListElement":[{"@type":"ListItem","position":1,"name":"Accueil","item":"https://agora-dodes.fr/"},{"@type":"ListItem","position":2,"name":"Évènements","item":"https://agora-dodes.fr/events/"},{"@type":"ListItem","position":3,"name":"1884 &#8211; 2024 : Les 140 ans des sociétés coopératives"}]},{"@type":"WebSite","@id":"https://agora-dodes.fr/#website","url":"https://agora-dodes.fr/","name":"Agora D.O.D.E.S.","description":"Dynamiques et Organisations de la Démocratie Economique et Sociale","publisher":{"@id":"https://agora-dodes.fr/#organization"},"potentialAction":[{"@type":"SearchAction","target":{"@type":"EntryPoint","urlTemplate":"https://agora-dodes.fr/?s={search_term_string}"},"query-input":"required name=search_term_string"}],"inLanguage":"fr-FR"},{"@type":"Organization","@id":"https://agora-dodes.fr/#organization","name":"Agora D.O.D.E.S.","url":"https://agora-dodes.fr/","logo":{"@type":"ImageObject","inLanguage":"fr-FR","@id":"https://agora-dodes.fr/#/schema/logo/image/","url":"https://agora-dodes.fr/wp-content/uploads/2024/07/AGORA-DODES-Logo-1.png","contentUrl":"https://agora-dodes.fr/wp-content/uploads/2024/07/AGORA-DODES-Logo-1.png","width":1500,"height":1500,"caption":"Agora D.O.D.E.S."},"image":{"@id":"https://agora-dodes.fr/#/schema/logo/image/"},"sameAs":["https://www.linkedin.com/company/agora-dodes"]}]}</script>
<!-- / Yoast SEO plugin. -->

1884 - 2024 : Les 140 ans des sociétés coopératives - Agora D.O.D.E.S.

Le 25 novembre 2024, au cœur de Paris, le CESE ouvrira ses portes pour un événement unique, réunissant les acteurs clés du monde coopératif et au-delà. Depuis 1884, le Mouvement [&hellip;]

Évènements

Dynamiques et Organisations de la Démocratie Economique et Sociale
