{"version":"1.0","provider_name":"Agora D.O.D.E.S.","provider_url":"https:\/\/agora-dodes.fr","author_name":"Corentin Gombert","author_url":"https:\/\/agora-dodes.fr\/author\/admin2196\/","title":"Coop\u00e9ration et rapports au travail - Agora D.O.D.E.S.","type":"rich","width":600,"height":338,"html":"<blockquote class=\"wp-embedded-content\" data-secret=\"5WEu7aYwl8\"><a href=\"https:\/\/agora-dodes.fr\/2024\/08\/08\/cooperation-et-rapports-au-travail\/\">Coop\u00e9ration et rapports au travail<\/a><\/blockquote><iframe sandbox=\"allow-scripts\" security=\"restricted\" src=\"https:\/\/agora-dodes.fr\/2024\/08\/08\/cooperation-et-rapports-au-travail\/embed\/#?secret=5WEu7aYwl8\" width=\"600\" height=\"338\" title=\"\u00ab\u00a0Coop\u00e9ration et rapports au travail\u00a0\u00bb &#8212; Agora D.O.D.E.S.\" data-secret=\"5WEu7aYwl8\" frameborder=\"0\" marginwidth=\"0\" marginheight=\"0\" scrolling=\"no\" class=\"wp-embedded-content\"><\/iframe><script type=\"text\/javascript\">\n\/* <![CDATA[ *\/\n\/*! This file is auto-generated *\/\n!function(d,l){\"use strict\";l.querySelector&&d.addEventListener&&\"undefined\"!=typeof URL&&(d.wp=d.wp||{},d.wp.receiveEmbedMessage||(d.wp.receiveEmbedMessage=function(e){var t=e.data;if((t||t.secret||t.message||t.value)&&!\/[^a-zA-Z0-9]\/.test(t.secret)){for(var s,r,n,a=l.querySelectorAll('iframe[data-secret=\"'+t.secret+'\"]'),o=l.querySelectorAll('blockquote[data-secret=\"'+t.secret+'\"]'),c=new RegExp(\"^https?:$\",\"i\"),i=0;i<o.length;i++)o[i].style.display=\"none\";for(i=0;i<a.length;i++)s=a[i],e.source===s.contentWindow&&(s.removeAttribute(\"style\"),\"height\"===t.message?(1e3<(r=parseInt(t.value,10))?r=1e3:~~r<200&&(r=200),s.height=r):\"link\"===t.message&&(r=new URL(s.getAttribute(\"src\")),n=new URL(t.value),c.test(n.protocol))&&n.host===r.host&&l.activeElement===s&&(d.top.location.href=t.value))}},d.addEventListener(\"message\",d.wp.receiveEmbedMessage,!1),l.addEventListener(\"DOMContentLoaded\",function(){for(var e,t,s=l.querySelectorAll(\"iframe.wp-embedded-content\"),r=0;r<s.length;r++)(t=(e=s[r]).getAttribute(\"data-secret\"))||(t=Math.random().toString(36).substring(2,12),e.src+=\"#?secret=\"+t,e.setAttribute(\"data-secret\",t)),e.contentWindow.postMessage({message:\"ready\",secret:t},\"*\")},!1)))}(window,document);\n\/\/# sourceURL=https:\/\/agora-dodes.fr\/wp-includes\/js\/wp-embed.min.js\n\/* ]]> *\/\n<\/script>\n","thumbnail_url":"https:\/\/agora-dodes.fr\/wp-content\/uploads\/2024\/07\/Cnam-Paris.jpg","thumbnail_width":1190,"thumbnail_height":666,"description":"\u00c0 l\u2019aube de son bicentenaire, le mouvement coop\u00e9ratif conna\u00eet un regain d\u2019int\u00e9r\u00eat. Souvent pr\u00e9sent\u00e9 comme une alternative face aux d\u00e9fis du capitalisme lib\u00e9ral, de la d\u00e9mocratie contemporaine et des conditions de travail, il a \u00e9volu\u00e9 et se diversifie rapidement. De nombreux chercheurs et praticiens anticipent que la coop\u00e9ration deviendra la norme de demain. Cependant, la coop\u00e9ration soul\u00e8ve de nombreuses questions pour les chercheurs et les professionnels. Elle transforme et complexifie les relations entre les travailleurs et leur propre travail. Cet atelier a pour objectif de favoriser un \u00e9change et une r\u00e9flexion collective sur les liens entre la coop\u00e9ration et les rapports individuels et collectifs au travail. Quels enjeux cela soul\u00e8ve-t-il pour la sociologie de l\u2019entreprise et les sciences de gestion ? Comment pouvons nous analyser ces d\u00e9fis ? Quels cadres d\u2019analyse peut-on mobiliser ? Quelles approches peuvent \u00eatre mises en \u0153uvre pour intervenir dans les coop\u00e9ratives ? Va-t-on vers une \u00ab recherche coop\u00e9rative \u00bb\u00a0?"}

Coopération et rapports au travail - Agora D.O.D.E.S.

<blockquote class="wp-embedded-content" data-secret="5WEu7aYwl8"><a href="https://agora-dodes.fr/2024/08/08/cooperation-et-rapports-au-travail/">Coopération et rapports au travail</a></blockquote><iframe sandbox="allow-scripts" security="restricted" src="https://agora-dodes.fr/2024/08/08/cooperation-et-rapports-au-travail/embed/#?secret=5WEu7aYwl8" width="600" height="338" title="« Coopération et rapports au travail » &#8212; Agora D.O.D.E.S." data-secret="5WEu7aYwl8" frameborder="0" marginwidth="0" marginheight="0" scrolling="no" class="wp-embedded-content"></iframe><script type="text/javascript">
/* <![CDATA[ */
/*! This file is auto-generated */
!function(d,l){"use strict";l.querySelector&&d.addEventListener&&"undefined"!=typeof URL&&(d.wp=d.wp||{},d.wp.receiveEmbedMessage||(d.wp.receiveEmbedMessage=function(e){var t=e.data;if((t||t.secret||t.message||t.value)&&!/[^a-zA-Z0-9]/.test(t.secret)){for(var s,r,n,a=l.querySelectorAll('iframe[data-secret="'+t.secret+'"]'),o=l.querySelectorAll('blockquote[data-secret="'+t.secret+'"]'),c=new RegExp("^https?:$","i"),i=0;i<o.length;i++)o[i].style.display="none";for(i=0;i<a.length;i++)s=a[i],e.source===s.contentWindow&&(s.removeAttribute("style"),"height"===t.message?(1e3<(r=parseInt(t.value,10))?r=1e3:~~r<200&&(r=200),s.height=r):"link"===t.message&&(r=new URL(s.getAttribute("src")),n=new URL(t.value),c.test(n.protocol))&&n.host===r.host&&l.activeElement===s&&(d.top.location.href=t.value))}},d.addEventListener("message",d.wp.receiveEmbedMessage,!1),l.addEventListener("DOMContentLoaded",function(){for(var e,t,s=l.querySelectorAll("iframe.wp-embedded-content"),r=0;r<s.length;r++)(t=(e=s[r]).getAttribute("data-secret"))||(t=Math.random().toString(36).substring(2,12),e.src+="#?secret="+t,e.setAttribute("data-secret",t)),e.contentWindow.postMessage({message:"ready",secret:t},"*")},!1)))}(window,document);
//# sourceURL=https://agora-dodes.fr/wp-includes/js/wp-embed.min.js
/* ]]> */
</script>

À l’aube de son bicentenaire, le mouvement coopératif connaît un regain d’intérêt. Souvent présenté comme une alternative face aux défis du capitalisme libéral, de la démocratie contemporaine et des conditions de travail, il a évolué et se diversifie rapidement. De nombreux chercheurs et praticiens anticipent que la coopération deviendra la norme de demain. Cependant, la coopération soulève de nombreuses questions pour les chercheurs et les professionnels. Elle transforme et complexifie les relations entre les travailleurs et leur propre travail. Cet atelier a pour objectif de favoriser un échange et une réflexion collective sur les liens entre la coopération et les rapports individuels et collectifs au travail. Quels enjeux cela soulève-t-il pour la sociologie de l’entreprise et les sciences de gestion ? Comment pouvons nous analyser ces défis ? Quels cadres d’analyse peut-on mobiliser ? Quelles approches peuvent être mises en œuvre pour intervenir dans les coopératives ? Va-t-on vers une « recherche coopérative » ?
